Last updated on 2019-06-18 01:48:55 CEST.
Flavor | Version | Tinstall | Tcheck | Ttotal | Status | Flags |
---|---|---|---|---|---|---|
r-devel-linux-x86_64-debian-clang | 0.0.5 | 13.45 | 120.39 | 133.84 | OK | |
r-devel-linux-x86_64-debian-gcc | 0.0.5 | 11.78 | 94.95 | 106.73 | OK | |
r-devel-linux-x86_64-fedora-clang | 0.0.5 | 163.62 | OK | |||
r-devel-linux-x86_64-fedora-gcc | 0.0.5 | 154.46 | OK | |||
r-devel-windows-ix86+x86_64 | 0.0.5 | 30.00 | 119.00 | 149.00 | OK | |
r-patched-linux-x86_64 | 0.0.5 | 14.19 | 117.21 | 131.40 | OK | |
r-patched-solaris-x86 | 0.0.5 | 246.20 | OK | |||
r-release-linux-x86_64 | 0.0.5 | 14.19 | 117.93 | 132.12 | OK | |
r-release-windows-ix86+x86_64 | 0.0.5 | 31.00 | 115.00 | 146.00 | OK | |
r-release-osx-x86_64 | 0.0.5 | ERROR | ||||
r-oldrel-windows-ix86+x86_64 | 0.0.5 | 23.00 | 108.00 | 131.00 | OK | |
r-oldrel-osx-x86_64 | 0.0.5 | OK |
Version: 0.0.5
Check: package dependencies
Result: ERROR
Package required but not available: ‘Biostrings’
See section ‘The DESCRIPTION file’ in the ‘Writing R Extensions’
manual.
Flavor: r-release-osx-x86_64