CRAN Package Check Results for Package SSOSVM

Last updated on 2019-06-18 01:48:56 CEST.

Flavor Version Tinstall Tcheck Ttotal Status Flags
r-devel-linux-x86_64-debian-clang 0.2.1 27.68 23.15 50.83 OK
r-devel-linux-x86_64-debian-gcc 0.2.1 22.31 18.88 41.19 OK
r-devel-linux-x86_64-fedora-clang 0.2.1 75.63 NOTE
r-devel-linux-x86_64-fedora-gcc 0.2.1 65.59 NOTE
r-devel-windows-ix86+x86_64 0.2.1 78.00 77.00 155.00 OK
r-patched-linux-x86_64 0.2.1 24.70 23.08 47.78 OK
r-patched-solaris-x86 0.2.1 78.00 NOTE
r-release-linux-x86_64 0.2.1 25.14 23.21 48.35 OK
r-release-windows-ix86+x86_64 0.2.1 53.00 60.00 113.00 OK
r-release-osx-x86_64 0.2.1 NOTE
r-oldrel-windows-ix86+x86_64 0.2.1 52.00 80.00 132.00 OK
r-oldrel-osx-x86_64 0.2.1 NOTE

Check Details

Version: 0.2.1
Check: dependencies in R code
Result: NOTE
    Namespace in Imports field not imported from: ‘MASS’
     All declared Imports should be used.
Flavors: r-devel-linux-x86_64-fedora-clang, r-devel-linux-x86_64-fedora-gcc, r-patched-solaris-x86, r-release-osx-x86_64, r-oldrel-osx-x86_64

Version: 0.2.1
Check: package dependencies
Result: NOTE
    Package suggested but not available for checking: ‘gifski’
Flavor: r-patched-solaris-x86