Last updated on 2019-06-18 01:48:54 CEST.
Flavor | Version | Tinstall | Tcheck | Ttotal | Status | Flags |
---|---|---|---|---|---|---|
r-devel-linux-x86_64-debian-clang | 1.2.1 | 116.01 | 30.00 | 146.01 | OK | |
r-devel-linux-x86_64-debian-gcc | 1.2.1 | 101.26 | 24.49 | 125.75 | OK | |
r-devel-linux-x86_64-fedora-clang | 1.2.1 | 231.59 | NOTE | |||
r-devel-linux-x86_64-fedora-gcc | 1.2.1 | 219.78 | OK | |||
r-devel-windows-ix86+x86_64 | 1.2.1 | 295.00 | 65.00 | 360.00 | OK | |
r-patched-linux-x86_64 | 1.2.1 | 122.07 | 29.92 | 151.99 | OK | |
r-patched-solaris-x86 | 1.2.1 | 222.30 | OK | |||
r-release-linux-x86_64 | 1.2.1 | 116.76 | 30.25 | 147.01 | OK | |
r-release-windows-ix86+x86_64 | 1.2.1 | 228.00 | 86.00 | 314.00 | OK | |
r-release-osx-x86_64 | 1.2.1 | OK | ||||
r-oldrel-windows-ix86+x86_64 | 1.2.1 | 207.00 | 78.00 | 285.00 | OK | |
r-oldrel-osx-x86_64 | 1.2.1 | OK |
Version: 1.2.1
Check: installed package size
Result: NOTE
installed size is 5.4Mb
sub-directories of 1Mb or more:
libs 5.2Mb
Flavor: r-devel-linux-x86_64-fedora-clang