Last updated on 2019-06-18 01:48:55 CEST.
Flavor | Version | Tinstall | Tcheck | Ttotal | Status | Flags |
---|---|---|---|---|---|---|
r-devel-linux-x86_64-debian-clang | 0.6.0 | 7.21 | 18.67 | 25.88 | OK | |
r-devel-linux-x86_64-debian-gcc | 0.6.0 | 4.62 | 15.44 | 20.06 | OK | |
r-devel-linux-x86_64-fedora-clang | 0.6.0 | 31.84 | NOTE | |||
r-devel-linux-x86_64-fedora-gcc | 0.6.0 | 29.47 | NOTE | |||
r-devel-windows-ix86+x86_64 | 0.6.0 | 29.00 | 38.00 | 67.00 | OK | |
r-patched-linux-x86_64 | 0.6.0 | 5.95 | 18.69 | 24.64 | OK | |
r-patched-solaris-x86 | 0.6.0 | 64.70 | OK | |||
r-release-linux-x86_64 | 0.6.0 | 6.54 | 18.77 | 25.31 | OK | |
r-release-windows-ix86+x86_64 | 0.6.0 | 29.00 | 50.00 | 79.00 | OK | |
r-release-osx-x86_64 | 0.6.0 | OK | ||||
r-oldrel-windows-ix86+x86_64 | 0.6.0 | 27.00 | 37.00 | 64.00 | OK | |
r-oldrel-osx-x86_64 | 0.6.0 | OK |
Version: 0.6.0
Check: compiled code
Result: NOTE
File ‘SnowballC/libs/SnowballC.so’:
Found no calls to: ‘R_registerRoutines’, ‘R_useDynamicSymbols’
It is good practice to register native routines and to disable symbol
search.
See ‘Writing portable packages’ in the ‘Writing R Extensions’ manual.
Flavors: r-devel-linux-x86_64-fedora-clang, r-devel-linux-x86_64-fedora-gcc