Last updated on 2019-06-18 01:48:58 CEST.
Flavor | Version | Tinstall | Tcheck | Ttotal | Status | Flags |
---|---|---|---|---|---|---|
r-devel-linux-x86_64-debian-clang | 1.1.2 | 9.98 | 76.67 | 86.65 | OK | |
r-devel-linux-x86_64-debian-gcc | 1.1.2 | 8.29 | 61.97 | 70.26 | OK | |
r-devel-linux-x86_64-fedora-clang | 1.1.2 | 103.31 | OK | |||
r-devel-linux-x86_64-fedora-gcc | 1.1.2 | 99.79 | OK | |||
r-devel-windows-ix86+x86_64 | 1.1.2 | 25.00 | 98.00 | 123.00 | OK | |
r-patched-linux-x86_64 | 1.1.2 | 8.47 | 76.78 | 85.25 | OK | |
r-patched-solaris-x86 | 1.1.2 | 159.10 | OK | |||
r-release-linux-x86_64 | 1.1.2 | 11.28 | 77.01 | 88.29 | OK | |
r-release-windows-ix86+x86_64 | 1.1.2 | 18.00 | 124.00 | 142.00 | OK | |
r-release-osx-x86_64 | 1.1.2 | ERROR | ||||
r-oldrel-windows-ix86+x86_64 | 1.1.2 | 9.00 | 119.00 | 128.00 | OK | |
r-oldrel-osx-x86_64 | 1.1.2 | OK |
Version: 1.1.2
Check: package dependencies
Result: ERROR
Packages required but not available: 'ClassDiscovery', 'PCDimension'
See section ‘The DESCRIPTION file’ in the ‘Writing R Extensions’
manual.
Flavor: r-release-osx-x86_64