CRAN Package Check Results for Package TropFishR

Last updated on 2019-06-18 01:48:58 CEST.

Flavor Version Tinstall Tcheck Ttotal Status Flags
r-devel-linux-x86_64-debian-clang 1.6.1 13.80 751.32 765.12 OK
r-devel-linux-x86_64-debian-gcc 1.6.1 14.09 509.67 523.76 OK
r-devel-linux-x86_64-fedora-clang 1.6.1 893.59 NOTE
r-devel-linux-x86_64-fedora-gcc 1.6.1 764.53 NOTE
r-devel-windows-ix86+x86_64 1.6.1 40.00 125.00 165.00 OK --no-vignettes
r-patched-linux-x86_64 1.6.1 15.74 643.96 659.70 OK
r-patched-solaris-x86 1.6.1 1530.20 NOTE
r-release-linux-x86_64 1.6.1 14.79 646.62 661.41 OK
r-release-windows-ix86+x86_64 1.6.1 29.00 162.00 191.00 OK --no-vignettes
r-release-osx-x86_64 1.6.1 FAIL
r-oldrel-windows-ix86+x86_64 1.6.1 23.00 148.00 171.00 OK --no-vignettes
r-oldrel-osx-x86_64 1.6.1 NOTE

Check Details

Version: 1.6.1
Check: dependencies in R code
Result: NOTE
    Namespace in Imports field not imported from: ‘Hmisc’
     All declared Imports should be used.
Flavors: r-devel-linux-x86_64-fedora-clang, r-devel-linux-x86_64-fedora-gcc, r-patched-solaris-x86, r-release-osx-x86_64, r-oldrel-osx-x86_64

Version: 1.6.1
Check: re-building of vignette outputs
Result: FAIL
    
Flavor: r-release-osx-x86_64