Last updated on 2019-06-18 01:48:58 CEST.
Flavor | Version | Tinstall | Tcheck | Ttotal | Status | Flags |
---|---|---|---|---|---|---|
r-devel-linux-x86_64-debian-clang | 1.0 | 9.74 | 101.51 | 111.25 | NOTE | |
r-devel-linux-x86_64-debian-gcc | 1.0 | 9.18 | 80.27 | 89.45 | NOTE | |
r-devel-linux-x86_64-fedora-clang | 1.0 | 131.18 | NOTE | |||
r-devel-linux-x86_64-fedora-gcc | 1.0 | 128.13 | NOTE | |||
r-devel-windows-ix86+x86_64 | 1.0 | 35.00 | 118.00 | 153.00 | NOTE | |
r-patched-linux-x86_64 | 1.0 | 9.68 | 98.78 | 108.46 | NOTE | |
r-patched-solaris-x86 | 1.0 | 202.40 | NOTE | |||
r-release-linux-x86_64 | 1.0 | 8.90 | 99.02 | 107.92 | NOTE | |
r-release-windows-ix86+x86_64 | 1.0 | 24.00 | 153.00 | 177.00 | NOTE | |
r-release-osx-x86_64 | 1.0 | NOTE | ||||
r-oldrel-windows-ix86+x86_64 | 1.0 | 14.00 | 153.00 | 167.00 | NOTE | |
r-oldrel-osx-x86_64 | 1.0 | NOTE |
Version: 1.0
Check: DESCRIPTION meta-information
Result: NOTE
Malformed Title field: should not end in a period.
Flavors: r-devel-linux-x86_64-debian-clang, r-devel-linux-x86_64-debian-gcc, r-devel-linux-x86_64-fedora-clang, r-devel-linux-x86_64-fedora-gcc, r-devel-windows-ix86+x86_64, r-patched-linux-x86_64, r-patched-solaris-x86, r-release-linux-x86_64, r-release-windows-ix86+x86_64, r-release-osx-x86_64, r-oldrel-windows-ix86+x86_64, r-oldrel-osx-x86_64
Version: 1.0
Check: R code for possible problems
Result: NOTE
covTranspose11: warning in glasso(sc, 2 * rhoc/n, wi.init = gc$wi,
w.init = gc$w, maxit = maxit.glasso, thr = thr.glasso, penalize.diag
= pen.diag): partial argument match of 'penalize.diag' to
'penalize.diagonal'
covTranspose11: warning in glasso(sr, 2 * rhor/p, wi.init = gr$wi,
w.init = gr$w, maxit = maxit.glasso, thr = thr.glasso, penalize.diag
= pen.diag): partial argument match of 'penalize.diag' to
'penalize.diagonal'
.help.ESS: no visible global function definition for 'index.search'
TransSphere : ttin: no visible global function definition for 't.test'
TransSphere: no visible global function definition for 'sd'
TransSphere: no visible global function definition for 'quantile'
TransSphere: no visible global function definition for 'pt'
Undefined global functions or variables:
index.search pt quantile sd t.test
Consider adding
importFrom("stats", "pt", "quantile", "sd", "t.test")
to your NAMESPACE file.
Flavors: r-devel-linux-x86_64-debian-clang, r-devel-linux-x86_64-debian-gcc, r-devel-linux-x86_64-fedora-clang, r-devel-linux-x86_64-fedora-gcc, r-devel-windows-ix86+x86_64, r-patched-linux-x86_64, r-patched-solaris-x86, r-release-linux-x86_64, r-release-windows-ix86+x86_64, r-release-osx-x86_64, r-oldrel-windows-ix86+x86_64, r-oldrel-osx-x86_64