CRAN Package Check Results for Package UKgrid

Last updated on 2019-06-18 01:48:59 CEST.

Flavor Version Tinstall Tcheck Ttotal Status Flags
r-devel-linux-x86_64-debian-clang 0.1.1 5.33 35.81 41.14 OK
r-devel-linux-x86_64-debian-gcc 0.1.1 4.36 28.02 32.38 OK
r-devel-linux-x86_64-fedora-clang 0.1.1 49.99 NOTE
r-devel-linux-x86_64-fedora-gcc 0.1.1 47.02 NOTE
r-devel-windows-ix86+x86_64 0.1.1 13.00 81.00 94.00 NOTE
r-patched-linux-x86_64 0.1.1 5.29 34.97 40.26 OK
r-patched-solaris-x86 0.1.1 59.70 WARN
r-release-linux-x86_64 0.1.1 5.69 34.70 40.39 OK
r-release-windows-ix86+x86_64 0.1.1 11.00 119.00 130.00 NOTE
r-release-osx-x86_64 0.1.1 WARN
r-oldrel-windows-ix86+x86_64 0.1.1 8.00 82.00 90.00 NOTE
r-oldrel-osx-x86_64 0.1.1 WARN

Check Details

Version: 0.1.1
Check: installed package size
Result: NOTE
     installed size is 12.4Mb
     sub-directories of 1Mb or more:
     data 3.8Mb
     doc 8.4Mb
Flavors: r-devel-linux-x86_64-fedora-clang, r-devel-windows-ix86+x86_64, r-patched-solaris-x86, r-release-windows-ix86+x86_64, r-release-osx-x86_64, r-oldrel-windows-ix86+x86_64, r-oldrel-osx-x86_64

Version: 0.1.1
Check: dependencies in R code
Result: NOTE
    Namespace in Imports field not imported from: ‘rlang’
     All declared Imports should be used.
Flavors: r-devel-linux-x86_64-fedora-clang, r-devel-linux-x86_64-fedora-gcc, r-patched-solaris-x86, r-release-osx-x86_64, r-oldrel-osx-x86_64

Version: 0.1.1
Check: package dependencies
Result: NOTE
    Package suggested but not available for checking: ‘TSstudio’
Flavor: r-patched-solaris-x86

Version: 0.1.1
Check: re-building of vignette outputs
Result: WARN
    Error(s) in re-building vignettes:
     ...
    --- re-building ‘UKgrid_vignette.Rmd’ using rmarkdown
    Warning in engine$weave(file, quiet = quiet, encoding = enc) :
     Pandoc (>= 1.12.3) and/or pandoc-citeproc not available. Falling back to R Markdown v1.
    Loading required package: zoo
    
    Attaching package: 'zoo'
    
    The following objects are masked from 'package:base':
    
     as.Date, as.Date.numeric
    
    Quitting from lines 59-76 (UKgrid_vignette.Rmd)
    Error: processing vignette 'UKgrid_vignette.Rmd' failed with diagnostics:
    there is no package called 'TSstudio'
    --- failed re-building ‘UKgrid_vignette.Rmd’
    
    SUMMARY: processing the following file failed:
     ‘UKgrid_vignette.Rmd’
    
    Error: Vignette re-building failed.
    Execution halted
Flavor: r-patched-solaris-x86

Version: 0.1.1
Check: re-building of vignette outputs
Result: WARN
    Error(s) in re-building vignettes:
    --- re-building ‘UKgrid_vignette.Rmd’ using rmarkdown
    Warning in engine$weave(file, quiet = quiet, encoding = enc) :
     Pandoc (>= 1.12.3) and/or pandoc-citeproc not available. Falling back to R Markdown v1.
    Loading required package: zoo
    
    Attaching package: 'zoo'
    
    The following objects are masked from 'package:base':
    
     as.Date, as.Date.numeric
    
    PhantomJS not found. You can install it with webshot::install_phantomjs(). If it is installed, please make sure the phantomjs executable can be found via the PATH variable.
    Warning in normalizePath(f2) :
     path[1]="webshot64e221e02dec.png": No such file or directory
    Warning in file(con, "rb") :
     cannot open file 'webshot64e221e02dec.png': No such file or directory
    Quitting from lines 59-76 (UKgrid_vignette.Rmd)
    Error: processing vignette 'UKgrid_vignette.Rmd' failed with diagnostics:
    cannot open the connection
    --- failed re-building ‘UKgrid_vignette.Rmd’
    
    SUMMARY: processing the following file failed:
     ‘UKgrid_vignette.Rmd’
    
    Error: Vignette re-building failed.
    Execution halted
Flavor: r-release-osx-x86_64

Version: 0.1.1
Check: re-building of vignette outputs
Result: WARN
    Error in re-building vignettes:
     ...
    Warning in engine$weave(file, quiet = quiet, encoding = enc) :
     Pandoc (>= 1.12.3) and/or pandoc-citeproc not available. Falling back to R Markdown v1.
    Loading required package: zoo
    
    Attaching package: 'zoo'
    
    The following objects are masked from 'package:base':
    
     as.Date, as.Date.numeric
    
    PhantomJS not found. You can install it with webshot::install_phantomjs(). If it is installed, please make sure the phantomjs executable can be found via the PATH variable.
    Warning in normalizePath(f2) :
     path[1]="webshot3fda3deb087e.png": No such file or directory
    Warning in file(con, "rb") :
     cannot open file 'webshot3fda3deb087e.png': No such file or directory
    Quitting from lines 59-76 (UKgrid_vignette.Rmd)
    Error: processing vignette 'UKgrid_vignette.Rmd' failed with diagnostics:
    cannot open the connection
    Execution halted
Flavor: r-oldrel-osx-x86_64