Last updated on 2019-06-18 01:48:59 CEST.
Flavor | Version | Tinstall | Tcheck | Ttotal | Status | Flags |
---|---|---|---|---|---|---|
r-devel-linux-x86_64-debian-clang | 1.21 | 20.41 | 176.08 | 196.49 | OK | |
r-devel-linux-x86_64-debian-gcc | 1.21 | 19.45 | 138.01 | 157.46 | OK | |
r-devel-linux-x86_64-fedora-clang | 1.21 | 237.73 | NOTE | |||
r-devel-linux-x86_64-fedora-gcc | 1.21 | 228.93 | NOTE | |||
r-devel-windows-ix86+x86_64 | 1.21 | 62.00 | 194.00 | 256.00 | OK | |
r-patched-linux-x86_64 | 1.21 | 21.22 | 171.18 | 192.40 | OK | |
r-patched-solaris-x86 | 1.21 | 394.20 | NOTE | |||
r-release-linux-x86_64 | 1.21 | 21.44 | 173.77 | 195.21 | OK | |
r-release-windows-ix86+x86_64 | 1.21 | 46.00 | 259.00 | 305.00 | OK | |
r-release-osx-x86_64 | 1.21 | NOTE | ||||
r-oldrel-windows-ix86+x86_64 | 1.21 | 24.00 | 252.00 | 276.00 | OK | |
r-oldrel-osx-x86_64 | 1.21 | NOTE |
Version: 1.21
Check: dependencies in R code
Result: NOTE
Namespaces in Imports field not imported from:
‘Hmisc’ ‘XML’ ‘checkmate’ ‘gstat’ ‘intervals’
All declared Imports should be used.
Flavors: r-devel-linux-x86_64-fedora-clang, r-devel-linux-x86_64-fedora-gcc, r-patched-solaris-x86, r-release-osx-x86_64, r-oldrel-osx-x86_64