Last updated on 2019-06-18 01:48:59 CEST.
Flavor | Version | Tinstall | Tcheck | Ttotal | Status | Flags |
---|---|---|---|---|---|---|
r-devel-linux-x86_64-debian-clang | 0.10.3 | 3.69 | 87.14 | 90.83 | OK | |
r-devel-linux-x86_64-debian-gcc | 0.10.3 | 3.38 | 66.53 | 69.91 | OK | |
r-devel-linux-x86_64-fedora-clang | 0.10.3 | 104.10 | NOTE | |||
r-devel-linux-x86_64-fedora-gcc | 0.10.3 | 99.74 | OK | |||
r-devel-windows-ix86+x86_64 | 0.10.3 | 9.00 | 117.00 | 126.00 | NOTE | |
r-patched-linux-x86_64 | 0.10.3 | 3.98 | 84.40 | 88.38 | OK | |
r-patched-solaris-x86 | 0.10.3 | 150.70 | NOTE | |||
r-release-linux-x86_64 | 0.10.3 | 4.06 | 85.05 | 89.11 | OK | |
r-release-windows-ix86+x86_64 | 0.10.3 | 7.00 | 126.00 | 133.00 | NOTE | |
r-release-osx-x86_64 | 0.10.3 | NOTE | ||||
r-oldrel-windows-ix86+x86_64 | 0.10.3 | 5.00 | 133.00 | 138.00 | NOTE | |
r-oldrel-osx-x86_64 | 0.10.3 | NOTE |
Version: 0.10.3
Check: installed package size
Result: NOTE
installed size is 12.4Mb
sub-directories of 1Mb or more:
doc 12.1Mb
Flavors: r-devel-linux-x86_64-fedora-clang, r-devel-windows-ix86+x86_64, r-patched-solaris-x86, r-release-windows-ix86+x86_64, r-release-osx-x86_64, r-oldrel-windows-ix86+x86_64, r-oldrel-osx-x86_64