CRAN Package Check Results for Package accelmissing

Last updated on 2019-06-18 01:48:27 CEST.

Flavor Version Tinstall Tcheck Ttotal Status Flags
r-devel-linux-x86_64-debian-clang 1.4 10.64 97.53 108.17 NOTE
r-devel-linux-x86_64-debian-gcc 1.4 9.59 77.20 86.79 NOTE
r-devel-linux-x86_64-fedora-clang 1.4 128.47 NOTE
r-devel-linux-x86_64-fedora-gcc 1.4 122.79 NOTE
r-devel-windows-ix86+x86_64 1.4 34.00 114.00 148.00 OK
r-patched-linux-x86_64 1.4 10.92 94.86 105.78 OK
r-patched-solaris-x86 1.4 202.20 OK
r-release-linux-x86_64 1.4 11.07 95.64 106.71 OK
r-release-windows-ix86+x86_64 1.4 24.00 163.00 187.00 OK
r-release-osx-x86_64 1.4 OK
r-oldrel-windows-ix86+x86_64 1.4 12.00 150.00 162.00 OK
r-oldrel-osx-x86_64 1.4 OK

Check Details

Version: 1.4
Check: for non-standard things in the check directory
Result: NOTE
    Found the following files/directories:
     'acceldata2.RData'
Flavors: r-devel-linux-x86_64-debian-clang, r-devel-linux-x86_64-debian-gcc, r-devel-linux-x86_64-fedora-clang, r-devel-linux-x86_64-fedora-gcc