Last updated on 2019-06-18 01:48:27 CEST.
Flavor | Version | Tinstall | Tcheck | Ttotal | Status | Flags |
---|---|---|---|---|---|---|
r-devel-linux-x86_64-debian-clang | 1.7-13 | 43.91 | 282.36 | 326.27 | OK | |
r-devel-linux-x86_64-debian-gcc | 1.7-13 | 33.17 | 216.90 | 250.07 | OK | |
r-devel-linux-x86_64-fedora-clang | 1.7-13 | 378.17 | NOTE | |||
r-devel-linux-x86_64-fedora-gcc | 1.7-13 | 364.41 | OK | |||
r-devel-windows-ix86+x86_64 | 1.7-13 | 108.00 | 611.00 | 719.00 | NOTE | |
r-patched-linux-x86_64 | 1.7-13 | 37.25 | 283.83 | 321.08 | OK | |
r-patched-solaris-x86 | 1.7-13 | 523.70 | NOTE | |||
r-release-linux-x86_64 | 1.7-13 | 39.49 | 285.04 | 324.53 | OK | |
r-release-windows-ix86+x86_64 | 1.7-13 | 102.00 | 625.00 | 727.00 | NOTE | |
r-release-osx-x86_64 | 1.7-13 | NOTE | ||||
r-oldrel-windows-ix86+x86_64 | 1.7-13 | 69.00 | 429.00 | 498.00 | NOTE | |
r-oldrel-osx-x86_64 | 1.7-13 | NOTE |
Version: 1.7-13
Check: installed package size
Result: NOTE
installed size is 7.7Mb
sub-directories of 1Mb or more:
R 1.4Mb
data 2.8Mb
pictures 2.1Mb
Flavors: r-devel-linux-x86_64-fedora-clang, r-devel-windows-ix86+x86_64, r-patched-solaris-x86, r-release-windows-ix86+x86_64, r-release-osx-x86_64, r-oldrel-windows-ix86+x86_64, r-oldrel-osx-x86_64