Last updated on 2019-06-18 01:48:27 CEST.
Flavor | Version | Tinstall | Tcheck | Ttotal | Status | Flags |
---|---|---|---|---|---|---|
r-devel-linux-x86_64-debian-clang | 1.2 | 25.88 | 201.24 | 227.12 | OK | |
r-devel-linux-x86_64-debian-gcc | 1.2 | 22.50 | 155.50 | 178.00 | OK | |
r-devel-linux-x86_64-fedora-clang | 1.2 | 265.36 | OK | |||
r-devel-linux-x86_64-fedora-gcc | 1.2 | 257.36 | OK | |||
r-devel-windows-ix86+x86_64 | 1.2 | 71.00 | 229.00 | 300.00 | OK | |
r-patched-linux-x86_64 | 1.2 | 25.81 | 196.32 | 222.13 | OK | |
r-patched-solaris-x86 | 1.2 | 422.40 | OK | |||
r-release-linux-x86_64 | 1.2 | 28.69 | 195.75 | 224.44 | OK | |
r-release-windows-ix86+x86_64 | 1.2 | 49.00 | 307.00 | 356.00 | OK | |
r-release-osx-x86_64 | 1.2 | WARN | ||||
r-oldrel-windows-ix86+x86_64 | 1.2 | 30.00 | 279.00 | 309.00 | OK | |
r-oldrel-osx-x86_64 | 1.2 | WARN |
Version: 1.2
Check: whether package can be installed
Result: WARN
Found the following significant warnings:
Warning: 'rgl_init' failed, running with rgl.useNULL = TRUE
Flavors: r-release-osx-x86_64, r-oldrel-osx-x86_64