Last updated on 2019-06-18 01:48:27 CEST.
Flavor | Version | Tinstall | Tcheck | Ttotal | Status | Flags |
---|---|---|---|---|---|---|
r-devel-linux-x86_64-debian-clang | 0.1.0 | 4.50 | 30.23 | 34.73 | OK | |
r-devel-linux-x86_64-debian-gcc | 0.1.0 | 4.41 | 23.49 | 27.90 | OK | |
r-devel-linux-x86_64-fedora-clang | 0.1.0 | 42.73 | NOTE | |||
r-devel-linux-x86_64-fedora-gcc | 0.1.0 | 39.73 | NOTE | |||
r-devel-windows-ix86+x86_64 | 0.1.0 | 10.00 | 44.00 | 54.00 | OK | |
r-patched-linux-x86_64 | 0.1.0 | 4.12 | 30.04 | 34.16 | OK | |
r-patched-solaris-x86 | 0.1.0 | 59.70 | NOTE | |||
r-release-linux-x86_64 | 0.1.0 | 5.50 | 30.70 | 36.20 | OK | |
r-release-windows-ix86+x86_64 | 0.1.0 | 7.00 | 57.00 | 64.00 | OK | |
r-release-osx-x86_64 | 0.1.0 | NOTE | ||||
r-oldrel-windows-ix86+x86_64 | 0.1.0 | 4.00 | 56.00 | 60.00 | OK | |
r-oldrel-osx-x86_64 | 0.1.0 | NOTE |
Version: 0.1.0
Check: dependencies in R code
Result: NOTE
Namespaces in Imports field not imported from:
‘base’ ‘methods’ ‘nlme’
All declared Imports should be used.
Flavors: r-devel-linux-x86_64-fedora-clang, r-devel-linux-x86_64-fedora-gcc, r-patched-solaris-x86, r-release-osx-x86_64, r-oldrel-osx-x86_64