Last updated on 2019-06-18 01:48:27 CEST.
Flavor | Version | Tinstall | Tcheck | Ttotal | Status | Flags |
---|---|---|---|---|---|---|
r-devel-linux-x86_64-debian-clang | 2.6 | 5.47 | 33.64 | 39.11 | NOTE | |
r-devel-linux-x86_64-debian-gcc | 2.6 | 3.54 | 27.45 | 30.99 | NOTE | |
r-devel-linux-x86_64-fedora-clang | 2.6 | 46.29 | NOTE | |||
r-devel-linux-x86_64-fedora-gcc | 2.6 | 44.77 | NOTE | |||
r-devel-windows-ix86+x86_64 | 2.6 | 13.00 | 49.00 | 62.00 | OK | |
r-patched-linux-x86_64 | 2.6 | 5.37 | 34.00 | 39.37 | OK | |
r-patched-solaris-x86 | 2.6 | 66.60 | OK | |||
r-release-linux-x86_64 | 2.6 | 5.45 | 34.12 | 39.57 | OK | |
r-release-windows-ix86+x86_64 | 2.6 | 8.00 | 66.00 | 74.00 | OK | |
r-release-osx-x86_64 | 2.6 | OK | ||||
r-oldrel-windows-ix86+x86_64 | 2.6 | 7.00 | 63.00 | 70.00 | OK | |
r-oldrel-osx-x86_64 | 2.6 | OK |
Version: 2.6
Check: for non-standard things in the check directory
Result: NOTE
Found the following files/directories:
'BM-motion-chart.html' 'css' 'images' 'index.html' 'js'
Flavors: r-devel-linux-x86_64-debian-clang, r-devel-linux-x86_64-debian-gcc, r-devel-linux-x86_64-fedora-clang, r-devel-linux-x86_64-fedora-gcc