Last updated on 2019-06-18 01:48:27 CEST.
Flavor | Version | Tinstall | Tcheck | Ttotal | Status | Flags |
---|---|---|---|---|---|---|
r-devel-linux-x86_64-debian-clang | 1.17 | 15.42 | 157.61 | 173.03 | OK | |
r-devel-linux-x86_64-debian-gcc | 1.17 | 13.93 | 123.85 | 137.78 | OK | |
r-devel-linux-x86_64-fedora-clang | 1.17 | 208.51 | NOTE | |||
r-devel-linux-x86_64-fedora-gcc | 1.17 | 198.61 | NOTE | |||
r-devel-windows-ix86+x86_64 | 1.17 | 43.00 | 249.00 | 292.00 | OK | |
r-patched-linux-x86_64 | 1.17 | 14.42 | 156.26 | 170.68 | OK | |
r-patched-solaris-x86 | 1.17 | 320.90 | NOTE | |||
r-release-linux-x86_64 | 1.17 | 14.64 | 156.64 | 171.28 | OK | |
r-release-windows-ix86+x86_64 | 1.17 | 31.00 | 251.00 | 282.00 | OK | |
r-release-osx-x86_64 | 1.17 | NOTE | ||||
r-oldrel-windows-ix86+x86_64 | 1.17 | 17.00 | 227.00 | 244.00 | OK | |
r-oldrel-osx-x86_64 | 1.17 | NOTE |
Version: 1.17
Check: data for non-ASCII characters
Result: NOTE
Note: found 1 marked Latin-1 string
Flavors: r-devel-linux-x86_64-fedora-clang, r-devel-linux-x86_64-fedora-gcc, r-patched-solaris-x86, r-release-osx-x86_64, r-oldrel-osx-x86_64