CRAN Package Check Results for Package autoFRK

Last updated on 2019-06-18 01:48:28 CEST.

Flavor Version Tinstall Tcheck Ttotal Status Flags
r-devel-linux-x86_64-debian-clang 1.1.0 48.79 77.70 126.49 OK
r-devel-linux-x86_64-debian-gcc 1.1.0 45.08 66.80 111.88 OK
r-devel-linux-x86_64-fedora-clang 1.1.0 154.36 NOTE
r-devel-linux-x86_64-fedora-gcc 1.1.0 147.53 OK
r-devel-windows-ix86+x86_64 1.1.0 118.00 176.00 294.00 OK
r-patched-linux-x86_64 1.1.0 51.49 77.88 129.37 OK
r-patched-solaris-x86 1.1.0 224.10 OK
r-release-linux-x86_64 1.1.0 55.25 77.71 132.96 OK
r-release-windows-ix86+x86_64 1.1.0 94.00 138.00 232.00 OK
r-release-osx-x86_64 1.1.0 NOTE
r-oldrel-windows-ix86+x86_64 1.1.0 79.00 151.00 230.00 OK
r-oldrel-osx-x86_64 1.1.0 NOTE

Check Details

Version: 1.1.0
Check: installed package size
Result: NOTE
     installed size is 13.3Mb
     sub-directories of 1Mb or more:
     libs 13.0Mb
Flavors: r-devel-linux-x86_64-fedora-clang, r-release-osx-x86_64, r-oldrel-osx-x86_64