Last updated on 2019-06-18 01:48:28 CEST.
Flavor | Version | Tinstall | Tcheck | Ttotal | Status | Flags |
---|---|---|---|---|---|---|
r-devel-linux-x86_64-debian-clang | 0.1.2 | 4.22 | 39.32 | 43.54 | OK | |
r-devel-linux-x86_64-debian-gcc | 0.1.2 | 3.74 | 31.16 | 34.90 | OK | |
r-devel-linux-x86_64-fedora-clang | 0.1.2 | 53.68 | NOTE | |||
r-devel-linux-x86_64-fedora-gcc | 0.1.2 | 50.87 | NOTE | |||
r-devel-windows-ix86+x86_64 | 0.1.2 | 15.00 | 77.00 | 92.00 | OK | |
r-patched-linux-x86_64 | 0.1.2 | 4.19 | 38.46 | 42.65 | OK | |
r-patched-solaris-x86 | 0.1.2 | 86.30 | NOTE | |||
r-release-linux-x86_64 | 0.1.2 | 4.85 | 39.14 | 43.99 | OK | |
r-release-windows-ix86+x86_64 | 0.1.2 | 12.00 | 77.00 | 89.00 | OK | |
r-release-osx-x86_64 | 0.1.2 | NOTE | ||||
r-oldrel-windows-ix86+x86_64 | 0.1.2 | 6.00 | 78.00 | 84.00 | OK | |
r-oldrel-osx-x86_64 | 0.1.2 | NOTE |
Version: 0.1.2
Check: dependencies in R code
Result: NOTE
Namespaces in Imports field not imported from:
‘MASS’ ‘broom’ ‘diptest’ ‘ggplot2’ ‘hexbin’ ‘moments’
All declared Imports should be used.
Flavors: r-devel-linux-x86_64-fedora-clang, r-devel-linux-x86_64-fedora-gcc, r-patched-solaris-x86, r-release-osx-x86_64, r-oldrel-osx-x86_64