Last updated on 2019-06-18 01:48:28 CEST.
Flavor | Version | Tinstall | Tcheck | Ttotal | Status | Flags |
---|---|---|---|---|---|---|
r-devel-linux-x86_64-debian-clang | 1.0.2 | 2.71 | 40.71 | 43.42 | NOTE | |
r-devel-linux-x86_64-debian-gcc | 1.0.2 | 2.09 | 34.63 | 36.72 | NOTE | |
r-devel-linux-x86_64-fedora-clang | 1.0.2 | 50.88 | NOTE | |||
r-devel-linux-x86_64-fedora-gcc | 1.0.2 | 47.75 | NOTE | |||
r-devel-windows-ix86+x86_64 | 1.0.2 | 11.00 | 60.00 | 71.00 | OK | |
r-patched-linux-x86_64 | 1.0.2 | 2.41 | 39.81 | 42.22 | NOTE | |
r-patched-solaris-x86 | 1.0.2 | 74.30 | NOTE | |||
r-release-linux-x86_64 | 1.0.2 | 2.42 | 40.23 | 42.65 | NOTE | |
r-release-windows-ix86+x86_64 | 1.0.2 | 7.00 | 71.00 | 78.00 | OK | |
r-release-osx-x86_64 | 1.0.2 | NOTE | ||||
r-oldrel-windows-ix86+x86_64 | 1.0.2 | 3.00 | 76.00 | 79.00 | OK | |
r-oldrel-osx-x86_64 | 1.0.2 | OK |
Version: 1.0.2
Check: package dependencies
Result: NOTE
Package suggested but not available for checking: 'BiocInstaller'
Flavors: r-devel-linux-x86_64-debian-clang, r-devel-linux-x86_64-debian-gcc, r-devel-linux-x86_64-fedora-clang, r-devel-linux-x86_64-fedora-gcc, r-patched-linux-x86_64, r-patched-solaris-x86, r-release-linux-x86_64, r-release-osx-x86_64