Last updated on 2019-06-18 01:48:28 CEST.
Flavor | Version | Tinstall | Tcheck | Ttotal | Status | Flags |
---|---|---|---|---|---|---|
r-devel-linux-x86_64-debian-clang | 1.3.6 | 16.14 | 136.02 | 152.16 | NOTE | |
r-devel-linux-x86_64-debian-gcc | 1.3.6 | 11.68 | 107.08 | 118.76 | NOTE | |
r-devel-linux-x86_64-fedora-clang | 1.3.6 | 181.45 | NOTE | |||
r-devel-linux-x86_64-fedora-gcc | 1.3.6 | 171.97 | NOTE | |||
r-devel-windows-ix86+x86_64 | 1.3.6 | 32.00 | 437.00 | 469.00 | OK | |
r-patched-linux-x86_64 | 1.3.6 | 14.68 | 134.51 | 149.19 | OK | |
r-patched-solaris-x86 | 1.3.6 | 637.40 | NOTE | |||
r-release-linux-x86_64 | 1.3.6 | 12.29 | 134.34 | 146.63 | OK | |
r-release-windows-ix86+x86_64 | 1.3.6 | 25.00 | 450.00 | 475.00 | OK | |
r-release-osx-x86_64 | 1.3.6 | OK | ||||
r-oldrel-windows-ix86+x86_64 | 1.3.6 | 17.00 | 441.00 | 458.00 | OK | |
r-oldrel-osx-x86_64 | 1.3.6 | OK |
Version: 1.3.6
Check: for non-standard things in the check directory
Result: NOTE
Found the following files/directories:
'Example_Lorenz-curve.pdf'
Flavors: r-devel-linux-x86_64-debian-clang, r-devel-linux-x86_64-debian-gcc, r-devel-linux-x86_64-fedora-clang, r-devel-linux-x86_64-fedora-gcc
Version: 1.3.6
Check: installed package size
Result: NOTE
installed size is 5.2Mb
sub-directories of 1Mb or more:
data 1.8Mb
doc 2.7Mb
Flavor: r-patched-solaris-x86