CRAN Package Check Results for Package biclust

Last updated on 2019-06-18 01:48:29 CEST.

Flavor Version Tinstall Tcheck Ttotal Status Flags
r-devel-linux-x86_64-debian-clang 2.0.1 11.77 99.75 111.52 NOTE
r-devel-linux-x86_64-debian-gcc 2.0.1 10.56 76.50 87.06 NOTE
r-devel-linux-x86_64-fedora-clang 2.0.1 130.50 NOTE
r-devel-linux-x86_64-fedora-gcc 2.0.1 123.57 NOTE
r-devel-windows-ix86+x86_64 2.0.1 34.00 153.00 187.00 OK
r-patched-linux-x86_64 2.0.1 14.32 97.92 112.24 OK
r-patched-solaris-x86 2.0.1 184.60 OK
r-release-linux-x86_64 2.0.1 11.81 97.76 109.57 OK
r-release-windows-ix86+x86_64 2.0.1 26.00 212.00 238.00 OK
r-release-osx-x86_64 2.0.1 OK
r-oldrel-windows-ix86+x86_64 2.0.1 18.00 210.00 228.00 OK
r-oldrel-osx-x86_64 2.0.1 OK

Check Details

Version: 2.0.1
Check: for non-standard things in the check directory
Result: NOTE
    Found the following files/directories:
     'results.txt'
Flavors: r-devel-linux-x86_64-debian-clang, r-devel-linux-x86_64-debian-gcc, r-devel-linux-x86_64-fedora-clang, r-devel-linux-x86_64-fedora-gcc