CRAN Package Check Results for Package bigQueryR

Last updated on 2019-06-18 01:48:29 CEST.

Flavor Version Tinstall Tcheck Ttotal Status Flags
r-devel-linux-x86_64-debian-clang 0.4.0 2.44 31.08 33.52 OK
r-devel-linux-x86_64-debian-gcc 0.4.0 2.71 24.60 27.31 OK
r-devel-linux-x86_64-fedora-clang 0.4.0 40.24 OK
r-devel-linux-x86_64-fedora-gcc 0.4.0 38.99 OK
r-devel-windows-ix86+x86_64 0.4.0 10.00 67.00 77.00 OK
r-patched-linux-x86_64 0.4.0 2.69 30.52 33.21 OK
r-patched-solaris-x86 0.4.0 66.30 NOTE
r-release-linux-x86_64 0.4.0 3.12 30.88 34.00 OK
r-release-windows-ix86+x86_64 0.4.0 8.00 63.00 71.00 OK
r-release-osx-x86_64 0.4.0 OK
r-oldrel-windows-ix86+x86_64 0.4.0 5.00 65.00 70.00 OK
r-oldrel-osx-x86_64 0.4.0 OK

Check Details

Version: 0.4.0
Check: Rd cross-references
Result: NOTE
    Package unavailable to check Rd xrefs: ‘bigrquery’
Flavor: r-patched-solaris-x86