Last updated on 2019-06-18 01:48:29 CEST.
Flavor | Version | Tinstall | Tcheck | Ttotal | Status | Flags |
---|---|---|---|---|---|---|
r-devel-linux-x86_64-debian-clang | 0.1.0 | 30.40 | 50.15 | 80.55 | OK | |
r-devel-linux-x86_64-debian-gcc | 0.1.0 | 24.80 | 38.34 | 63.14 | OK | |
r-devel-linux-x86_64-fedora-clang | 0.1.0 | 106.33 | NOTE | |||
r-devel-linux-x86_64-fedora-gcc | 0.1.0 | 100.28 | NOTE | |||
r-devel-windows-ix86+x86_64 | 0.1.0 | 86.00 | 101.00 | 187.00 | OK | |
r-patched-linux-x86_64 | 0.1.0 | 31.85 | 50.18 | 82.03 | OK | |
r-patched-solaris-x86 | 0.1.0 | 127.20 | NOTE | |||
r-release-linux-x86_64 | 0.1.0 | 31.62 | 50.20 | 81.82 | OK | |
r-release-windows-ix86+x86_64 | 0.1.0 | 67.00 | 126.00 | 193.00 | OK | |
r-release-osx-x86_64 | 0.1.0 | NOTE | ||||
r-oldrel-windows-ix86+x86_64 | 0.1.0 | 64.00 | 123.00 | 187.00 | OK | |
r-oldrel-osx-x86_64 | 0.1.0 | NOTE |
Version: 0.1.0
Check: dependencies in R code
Result: NOTE
Namespaces in Imports field not imported from:
‘MASS’ ‘lattice’ ‘zoo’
All declared Imports should be used.
Flavors: r-devel-linux-x86_64-fedora-clang, r-devel-linux-x86_64-fedora-gcc, r-patched-solaris-x86, r-release-osx-x86_64, r-oldrel-osx-x86_64