Last updated on 2019-06-18 01:48:29 CEST.
Flavor | Version | Tinstall | Tcheck | Ttotal | Status | Flags |
---|---|---|---|---|---|---|
r-devel-linux-x86_64-debian-clang | 1.0.2 | 25.01 | 171.09 | 196.10 | OK | |
r-devel-linux-x86_64-debian-gcc | 1.0.2 | 20.34 | 133.78 | 154.12 | OK | |
r-devel-linux-x86_64-fedora-clang | 1.0.2 | 231.29 | OK | |||
r-devel-linux-x86_64-fedora-gcc | 1.0.2 | 222.40 | OK | |||
r-devel-windows-ix86+x86_64 | 1.0.2 | 89.00 | 190.00 | 279.00 | OK | |
r-patched-linux-x86_64 | 1.0.2 | 23.88 | 170.24 | 194.12 | OK | |
r-patched-solaris-x86 | 1.0.2 | 361.80 | OK | |||
r-release-linux-x86_64 | 1.0.2 | 24.32 | 169.36 | 193.68 | OK | |
r-release-windows-ix86+x86_64 | 1.0.2 | 51.00 | 297.00 | 348.00 | OK | |
r-release-osx-x86_64 | 1.0.2 | ERROR | ||||
r-oldrel-windows-ix86+x86_64 | 1.0.2 | 36.00 | 305.00 | 341.00 | OK | |
r-oldrel-osx-x86_64 | 1.0.2 | OK |
Version: 1.0.2
Check: package dependencies
Result: ERROR
Package required but not available: ‘plsRcox’
See section ‘The DESCRIPTION file’ in the ‘Writing R Extensions’
manual.
Flavor: r-release-osx-x86_64