Last updated on 2019-06-18 01:48:29 CEST.
Flavor | Version | Tinstall | Tcheck | Ttotal | Status | Flags |
---|---|---|---|---|---|---|
r-devel-linux-x86_64-debian-clang | 1.3.11 | 133.94 | 64.48 | 198.42 | NOTE | |
r-devel-linux-x86_64-debian-gcc | 1.3.11 | 128.84 | 54.20 | 183.04 | NOTE | |
r-devel-linux-x86_64-fedora-clang | 1.3.11 | 263.95 | NOTE | |||
r-devel-linux-x86_64-fedora-gcc | 1.3.11 | 263.21 | NOTE | |||
r-devel-windows-ix86+x86_64 | 1.3.11 | 320.00 | 184.00 | 504.00 | NOTE | |
r-patched-linux-x86_64 | 1.3.11 | 139.90 | 67.52 | 207.42 | NOTE | |
r-patched-solaris-x86 | 1.3.11 | 279.50 | NOTE | |||
r-release-linux-x86_64 | 1.3.11 | 139.05 | 66.95 | 206.00 | NOTE | |
r-release-windows-ix86+x86_64 | 1.3.11 | 241.00 | 182.00 | 423.00 | NOTE | |
r-release-osx-x86_64 | 1.3.11 | NOTE | ||||
r-oldrel-windows-ix86+x86_64 | 1.3.11 | 213.00 | 184.00 | 397.00 | NOTE | |
r-oldrel-osx-x86_64 | 1.3.11 | NOTE |
Version: 1.3.11
Check: for GNU extensions in Makefiles
Result: NOTE
GNU make is a SystemRequirements.
Flavors: r-devel-linux-x86_64-debian-clang, r-devel-linux-x86_64-debian-gcc, r-devel-linux-x86_64-fedora-clang, r-devel-linux-x86_64-fedora-gcc, r-devel-windows-ix86+x86_64, r-patched-linux-x86_64, r-patched-solaris-x86, r-release-linux-x86_64, r-release-windows-ix86+x86_64, r-release-osx-x86_64, r-oldrel-windows-ix86+x86_64, r-oldrel-osx-x86_64
Version: 1.3.11
Check: installed package size
Result: NOTE
installed size is 31.9Mb
sub-directories of 1Mb or more:
libs 31.6Mb
Flavors: r-devel-linux-x86_64-fedora-clang, r-release-osx-x86_64, r-oldrel-osx-x86_64