Last updated on 2019-06-18 01:48:30 CEST.
Flavor | Version | Tinstall | Tcheck | Ttotal | Status | Flags |
---|---|---|---|---|---|---|
r-devel-linux-x86_64-debian-clang | 1.0.2 | 3.34 | 47.63 | 50.97 | OK | |
r-devel-linux-x86_64-debian-gcc | 1.0.2 | 2.80 | 35.60 | 38.40 | OK | |
r-devel-linux-x86_64-fedora-clang | 1.0.2 | 59.63 | NOTE | |||
r-devel-linux-x86_64-fedora-gcc | 1.0.2 | 56.39 | NOTE | |||
r-devel-windows-ix86+x86_64 | 1.0.2 | 10.00 | 63.00 | 73.00 | OK | |
r-patched-linux-x86_64 | 1.0.2 | 2.41 | 45.08 | 47.49 | OK | |
r-patched-solaris-x86 | 1.0.2 | 89.80 | NOTE | |||
r-release-linux-x86_64 | 1.0.2 | 3.42 | 45.85 | 49.27 | OK | |
r-release-windows-ix86+x86_64 | 1.0.2 | 6.00 | 90.00 | 96.00 | OK | |
r-release-osx-x86_64 | 1.0.2 | NOTE | ||||
r-oldrel-windows-ix86+x86_64 | 1.0.2 | 5.00 | 84.00 | 89.00 | OK | |
r-oldrel-osx-x86_64 | 1.0.2 | NOTE |
Version: 1.0.2
Check: data for non-ASCII characters
Result: NOTE
Note: found 76 marked UTF-8 strings
Flavors: r-devel-linux-x86_64-fedora-clang, r-devel-linux-x86_64-fedora-gcc, r-patched-solaris-x86, r-release-osx-x86_64, r-oldrel-osx-x86_64