CRAN Package Check Results for Package cOde

Last updated on 2019-06-18 01:48:31 CEST.

Flavor Version Tinstall Tcheck Ttotal Status Flags
r-devel-linux-x86_64-debian-clang 1.0.0 2.79 25.64 28.43 NOTE
r-devel-linux-x86_64-debian-gcc 1.0.0 2.13 19.61 21.74 NOTE
r-devel-linux-x86_64-fedora-clang 1.0.0 33.61 NOTE
r-devel-linux-x86_64-fedora-gcc 1.0.0 32.30 NOTE
r-devel-windows-ix86+x86_64 1.0.0 7.00 39.00 46.00 OK
r-patched-linux-x86_64 1.0.0 2.55 24.87 27.42 OK
r-patched-solaris-x86 1.0.0 50.50 OK
r-release-linux-x86_64 1.0.0 2.49 25.80 28.29 OK
r-release-windows-ix86+x86_64 1.0.0 5.00 57.00 62.00 OK
r-release-osx-x86_64 1.0.0 OK
r-oldrel-windows-ix86+x86_64 1.0.0 4.00 53.00 57.00 OK
r-oldrel-osx-x86_64 1.0.0 OK

Check Details

Version: 1.0.0
Check: for non-standard things in the check directory
Result: NOTE
    Found the following files/directories:
     'fda7wnr6u.c' 'fda7wnr6u.o' 'fda7wnr6u.so' 'symbols.rds'
Flavors: r-devel-linux-x86_64-debian-clang, r-devel-linux-x86_64-debian-gcc, r-devel-linux-x86_64-fedora-clang, r-devel-linux-x86_64-fedora-gcc