CRAN Package Check Results for Package cifti

Last updated on 2019-06-18 01:48:30 CEST.

Flavor Version Tinstall Tcheck Ttotal Status Flags
r-devel-linux-x86_64-debian-clang 0.4.5 4.15 47.36 51.51 OK
r-devel-linux-x86_64-debian-gcc 0.4.5 3.71 38.75 42.46 OK
r-devel-linux-x86_64-fedora-clang 0.4.5 62.87 OK
r-devel-linux-x86_64-fedora-gcc 0.4.5 60.92 OK
r-devel-windows-ix86+x86_64 0.4.5 17.00 83.00 100.00 OK
r-patched-linux-x86_64 0.4.5 4.48 48.67 53.15 OK
r-patched-solaris-x86 0.4.5 92.60 OK
r-release-linux-x86_64 0.4.5 4.29 48.09 52.38 OK
r-release-windows-ix86+x86_64 0.4.5 12.00 90.00 102.00 OK
r-release-osx-x86_64 0.4.5 FAIL
r-oldrel-windows-ix86+x86_64 0.4.5 6.00 92.00 98.00 OK
r-oldrel-osx-x86_64 0.4.5 OK

Check Details

Version: 0.4.5
Check: re-building of vignette outputs
Result: FAIL
    
Flavor: r-release-osx-x86_64