CRAN Package Check Results for Package cmaes

Last updated on 2019-06-18 01:48:31 CEST.

Flavor Version Tinstall Tcheck Ttotal Status Flags
r-devel-linux-x86_64-debian-clang 1.0-11 2.08 21.31 23.39 NOTE
r-devel-linux-x86_64-debian-gcc 1.0-11 1.61 17.14 18.75 NOTE
r-devel-linux-x86_64-fedora-clang 1.0-11 28.05 NOTE
r-devel-linux-x86_64-fedora-gcc 1.0-11 26.74 NOTE
r-devel-windows-ix86+x86_64 1.0-11 5.00 35.00 40.00 NOTE
r-patched-linux-x86_64 1.0-11 2.06 21.05 23.11 NOTE
r-patched-solaris-x86 1.0-11 42.60 NOTE
r-release-linux-x86_64 1.0-11 2.24 21.24 23.48 NOTE
r-release-windows-ix86+x86_64 1.0-11 6.00 35.00 41.00 NOTE
r-release-osx-x86_64 1.0-11 NOTE
r-oldrel-windows-ix86+x86_64 1.0-11 2.00 53.00 55.00 NOTE
r-oldrel-osx-x86_64 1.0-11 NOTE

Check Details

Version: 1.0-11
Check: R code for possible problems
Result: NOTE
    cma_es: no visible global function definition for 'rnorm'
    f_rand: no visible global function definition for 'runif'
    Undefined global functions or variables:
     rnorm runif
    Consider adding
     importFrom("stats", "rnorm", "runif")
    to your NAMESPACE file.
Flavors: r-devel-linux-x86_64-debian-clang, r-devel-linux-x86_64-debian-gcc, r-devel-linux-x86_64-fedora-clang, r-devel-linux-x86_64-fedora-gcc, r-devel-windows-ix86+x86_64, r-patched-linux-x86_64, r-patched-solaris-x86, r-release-linux-x86_64, r-release-windows-ix86+x86_64, r-release-osx-x86_64, r-oldrel-windows-ix86+x86_64, r-oldrel-osx-x86_64