Last updated on 2019-06-18 01:48:31 CEST.
Flavor | Version | Tinstall | Tcheck | Ttotal | Status | Flags |
---|---|---|---|---|---|---|
r-devel-linux-x86_64-debian-clang | 1.4-1 | 9.85 | 78.83 | 88.68 | NOTE | |
r-devel-linux-x86_64-debian-gcc | 1.4-1 | 6.17 | 61.62 | 67.79 | NOTE | |
r-devel-linux-x86_64-fedora-clang | 1.4-1 | 107.42 | NOTE | |||
r-devel-linux-x86_64-fedora-gcc | 1.4-1 | 104.38 | NOTE | |||
r-devel-windows-ix86+x86_64 | 1.4-1 | 35.00 | 167.00 | 202.00 | OK | |
r-patched-linux-x86_64 | 1.4-1 | 9.93 | 79.13 | 89.06 | OK | |
r-patched-solaris-x86 | 1.4-1 | 148.20 | OK | |||
r-release-linux-x86_64 | 1.4-1 | 9.93 | 78.80 | 88.73 | OK | |
r-release-windows-ix86+x86_64 | 1.4-1 | 26.00 | 176.00 | 202.00 | OK | |
r-release-osx-x86_64 | 1.4-1 | OK | ||||
r-oldrel-windows-ix86+x86_64 | 1.4-1 | 22.00 | 186.00 | 208.00 | OK | |
r-oldrel-osx-x86_64 | 1.4-1 | OK |
Version: 1.4-1
Check: for non-standard things in the check directory
Result: NOTE
Found the following files/directories:
'random.txt'
Flavors: r-devel-linux-x86_64-debian-clang, r-devel-linux-x86_64-debian-gcc, r-devel-linux-x86_64-fedora-clang, r-devel-linux-x86_64-fedora-gcc