Last updated on 2019-06-18 01:48:31 CEST.
Flavor | Version | Tinstall | Tcheck | Ttotal | Status | Flags |
---|---|---|---|---|---|---|
r-devel-linux-x86_64-debian-clang | 0.1.0 | 176.97 | 108.68 | 285.65 | OK | |
r-devel-linux-x86_64-debian-gcc | 0.1.0 | 168.21 | 81.77 | 249.98 | OK | |
r-devel-linux-x86_64-fedora-clang | 0.1.0 | 450.92 | NOTE | |||
r-devel-linux-x86_64-fedora-gcc | 0.1.0 | 410.93 | NOTE | |||
r-devel-windows-ix86+x86_64 | 0.1.0 | 568.00 | 267.00 | 835.00 | OK | |
r-patched-linux-x86_64 | 0.1.0 | 189.56 | 107.12 | 296.68 | OK | |
r-patched-solaris-x86 | 0.1.0 | 433.00 | NOTE | |||
r-release-linux-x86_64 | 0.1.0 | 198.87 | 106.92 | 305.79 | OK | |
r-release-windows-ix86+x86_64 | 0.1.0 | 414.00 | 280.00 | 694.00 | OK | |
r-release-osx-x86_64 | 0.1.0 | NOTE | ||||
r-oldrel-windows-ix86+x86_64 | 0.1.0 | 404.00 | 234.00 | 638.00 | OK | |
r-oldrel-osx-x86_64 | 0.1.0 | NOTE |
clang-UBSAN gcc-UBSAN valgrind
Version: 0.1.0
Check: installed package size
Result: NOTE
installed size is 20.3Mb
sub-directories of 1Mb or more:
libs 19.8Mb
Flavors: r-devel-linux-x86_64-fedora-clang, r-release-osx-x86_64, r-oldrel-osx-x86_64
Version: 0.1.0
Check: dependencies in R code
Result: NOTE
Namespaces in Imports field not imported from:
‘R6’ ‘checkmate’ ‘methods’
All declared Imports should be used.
Flavors: r-devel-linux-x86_64-fedora-clang, r-devel-linux-x86_64-fedora-gcc, r-patched-solaris-x86, r-release-osx-x86_64, r-oldrel-osx-x86_64