Last updated on 2019-06-18 01:48:31 CEST.
Flavor | Version | Tinstall | Tcheck | Ttotal | Status | Flags |
---|---|---|---|---|---|---|
r-devel-linux-x86_64-debian-clang | 0.4.3 | 23.84 | 25.00 | 48.84 | OK | |
r-devel-linux-x86_64-debian-gcc | 0.4.3 | 20.90 | 20.61 | 41.51 | OK | |
r-devel-linux-x86_64-fedora-clang | 0.4.3 | 64.45 | NOTE | |||
r-devel-linux-x86_64-fedora-gcc | 0.4.3 | 61.42 | OK | |||
r-devel-windows-ix86+x86_64 | 0.4.3 | 49.00 | 53.00 | 102.00 | OK | |
r-patched-linux-x86_64 | 0.4.3 | 24.41 | 25.13 | 49.54 | OK | |
r-patched-solaris-x86 | 0.4.3 | 69.20 | OK | |||
r-release-linux-x86_64 | 0.4.3 | 23.08 | 25.58 | 48.66 | OK | |
r-release-windows-ix86+x86_64 | 0.4.3 | 37.00 | 70.00 | 107.00 | OK | |
r-release-osx-x86_64 | 0.4.3 | NOTE | ||||
r-oldrel-windows-ix86+x86_64 | 0.4.3 | 35.00 | 55.00 | 90.00 | OK | |
r-oldrel-osx-x86_64 | 0.4.3 | NOTE |
Version: 0.4.3
Check: installed package size
Result: NOTE
installed size is 8.8Mb
sub-directories of 1Mb or more:
libs 8.2Mb
Flavors: r-devel-linux-x86_64-fedora-clang, r-release-osx-x86_64, r-oldrel-osx-x86_64