CRAN Package Check Results for Package cowsay

Last updated on 2019-06-18 01:48:31 CEST.

Flavor Version Tinstall Tcheck Ttotal Status Flags
r-devel-linux-x86_64-debian-clang 0.7.0 1.94 22.27 24.21 OK
r-devel-linux-x86_64-debian-gcc 0.7.0 1.29 18.22 19.51 OK
r-devel-linux-x86_64-fedora-clang 0.7.0 29.51 OK
r-devel-linux-x86_64-fedora-gcc 0.7.0 28.08 OK
r-devel-windows-ix86+x86_64 0.7.0 7.00 55.00 62.00 WARN
r-patched-linux-x86_64 0.7.0 1.96 22.21 24.17 OK
r-patched-solaris-x86 0.7.0 47.20 OK
r-release-linux-x86_64 0.7.0 1.91 22.70 24.61 OK
r-release-windows-ix86+x86_64 0.7.0 4.00 63.00 67.00 OK
r-release-osx-x86_64 0.7.0 OK
r-oldrel-windows-ix86+x86_64 0.7.0 3.00 41.00 44.00 OK
r-oldrel-osx-x86_64 0.7.0 OK

Check Details

Version: 0.7.0
Check: re-building of vignette outputs
Result: WARN
    Error(s) in re-building vignettes:
    --- re-building 'cowsay_tutorial.Rmd' using rmarkdown
    Quitting from lines 130-135 (cowsay_tutorial.Rmd)
    Error: processing vignette 'cowsay_tutorial.Rmd' failed with diagnostics:
    If you're on Windows, you can't use:
    anxiouscat
    fish
    grumpycat
    longcat
    longtailcat
    mushroom
    shortcat
    signbunny
    stretchycat
    --- failed re-building 'cowsay_tutorial.Rmd'
    
    SUMMARY: processing the following file failed:
     'cowsay_tutorial.Rmd'
    
    Error: Vignette re-building failed.
    Execution halted
Flavor: r-devel-windows-ix86+x86_64