Last updated on 2019-06-18 01:48:32 CEST.
Flavor | Version | Tinstall | Tcheck | Ttotal | Status | Flags |
---|---|---|---|---|---|---|
r-devel-linux-x86_64-debian-clang | 0.0.4 | 3.71 | 81.69 | 85.40 | NOTE | |
r-devel-linux-x86_64-debian-gcc | 0.0.4 | 3.20 | 59.21 | 62.41 | NOTE | |
r-devel-linux-x86_64-fedora-clang | 0.0.4 | 101.19 | NOTE | |||
r-devel-linux-x86_64-fedora-gcc | 0.0.4 | 92.79 | NOTE | |||
r-devel-windows-ix86+x86_64 | 0.0.4 | 9.00 | 120.00 | 129.00 | NOTE | |
r-patched-linux-x86_64 | 0.0.4 | 3.85 | 76.35 | 80.20 | NOTE | |
r-patched-solaris-x86 | 0.0.4 | 161.80 | NOTE | |||
r-release-linux-x86_64 | 0.0.4 | 2.95 | 76.68 | 79.63 | NOTE | |
r-release-windows-ix86+x86_64 | 0.0.4 | 7.00 | 131.00 | 138.00 | NOTE | |
r-release-osx-x86_64 | 0.0.4 | NOTE | ||||
r-oldrel-windows-ix86+x86_64 | 0.0.4 | 5.00 | 90.00 | 95.00 | NOTE | |
r-oldrel-osx-x86_64 | 0.0.4 | NOTE |
Version: 0.0.4
Check: DESCRIPTION meta-information
Result: NOTE
BugReports field is not a suitable URL but contains an email address
which will be used as from R 3.4.0
Flavors: r-devel-linux-x86_64-debian-clang, r-devel-linux-x86_64-debian-gcc, r-devel-linux-x86_64-fedora-clang, r-devel-linux-x86_64-fedora-gcc, r-devel-windows-ix86+x86_64, r-patched-linux-x86_64, r-patched-solaris-x86, r-release-linux-x86_64, r-release-windows-ix86+x86_64, r-release-osx-x86_64, r-oldrel-windows-ix86+x86_64, r-oldrel-osx-x86_64