CRAN Package Check Results for Package cubature

Last updated on 2019-06-18 01:48:32 CEST.

Flavor Version Tinstall Tcheck Ttotal Status Flags
r-devel-linux-x86_64-debian-clang 2.0.3 39.81 199.04 238.85 NOTE
r-devel-linux-x86_64-debian-gcc 2.0.3 30.20 141.33 171.53 NOTE
r-devel-linux-x86_64-fedora-clang 2.0.3 276.79 NOTE
r-devel-linux-x86_64-fedora-gcc 2.0.3 258.10 NOTE
r-devel-windows-ix86+x86_64 2.0.3 130.00 294.00 424.00 NOTE
r-patched-linux-x86_64 2.0.3 33.79 193.72 227.51 NOTE
r-patched-solaris-x86 2.0.3 306.90 NOTE
r-release-linux-x86_64 2.0.3 39.13 194.27 233.40 NOTE
r-release-windows-ix86+x86_64 2.0.3 128.00 307.00 435.00 NOTE
r-release-osx-x86_64 2.0.3 NOTE
r-oldrel-windows-ix86+x86_64 2.0.3 84.00 227.00 311.00 NOTE
r-oldrel-osx-x86_64 2.0.3 NOTE

Check Details

Version: 2.0.3
Check: for GNU extensions in Makefiles
Result: NOTE
    GNU make is a SystemRequirements.
Flavors: r-devel-linux-x86_64-debian-clang, r-devel-linux-x86_64-debian-gcc, r-devel-linux-x86_64-fedora-clang, r-devel-linux-x86_64-fedora-gcc, r-devel-windows-ix86+x86_64, r-patched-linux-x86_64, r-patched-solaris-x86, r-release-linux-x86_64, r-release-windows-ix86+x86_64, r-release-osx-x86_64, r-oldrel-windows-ix86+x86_64, r-oldrel-osx-x86_64

Version: 2.0.3
Check: installed package size
Result: NOTE
     installed size is 6.4Mb
     sub-directories of 1Mb or more:
     doc 1.3Mb
     libs 4.9Mb
Flavors: r-devel-windows-ix86+x86_64, r-release-windows-ix86+x86_64, r-oldrel-windows-ix86+x86_64