CRAN Package Check Results for Package ddiv

Last updated on 2019-06-18 01:48:32 CEST.

Flavor Version Tinstall Tcheck Ttotal Status Flags
r-devel-linux-x86_64-debian-clang 0.1.0 1.94 43.86 45.80 OK
r-devel-linux-x86_64-debian-gcc 0.1.0 1.59 35.24 36.83 OK
r-devel-linux-x86_64-fedora-clang 0.1.0 53.31 NOTE
r-devel-linux-x86_64-fedora-gcc 0.1.0 54.70 NOTE
r-devel-windows-ix86+x86_64 0.1.0 7.00 84.00 91.00 OK
r-patched-linux-x86_64 0.1.0 2.11 43.83 45.94 OK
r-patched-solaris-x86 0.1.0 74.30 NOTE
r-release-linux-x86_64 0.1.0 2.15 44.08 46.23 OK
r-release-windows-ix86+x86_64 0.1.0 5.00 88.00 93.00 OK
r-release-osx-x86_64 0.1.0 NOTE
r-oldrel-windows-ix86+x86_64 0.1.0 4.00 53.00 57.00 OK
r-oldrel-osx-x86_64 0.1.0 NOTE

Check Details

Version: 0.1.0
Check: dependencies in R code
Result: NOTE
    Namespace in Imports field not imported from: ‘MASS’
     All declared Imports should be used.
Flavors: r-devel-linux-x86_64-fedora-clang, r-devel-linux-x86_64-fedora-gcc, r-patched-solaris-x86, r-release-osx-x86_64, r-oldrel-osx-x86_64