Last updated on 2019-06-18 01:48:33 CEST.
Flavor | Version | Tinstall | Tcheck | Ttotal | Status | Flags |
---|---|---|---|---|---|---|
r-devel-linux-x86_64-debian-clang | 0.0.5 | 62.32 | 34.48 | 96.80 | OK | |
r-devel-linux-x86_64-debian-gcc | 0.0.5 | 46.02 | 27.53 | 73.55 | OK | |
r-devel-linux-x86_64-fedora-clang | 0.0.5 | 149.05 | NOTE | |||
r-devel-linux-x86_64-fedora-gcc | 0.0.5 | 114.87 | OK | |||
r-devel-windows-ix86+x86_64 | 0.0.5 | 125.00 | 78.00 | 203.00 | OK | |
r-patched-linux-x86_64 | 0.0.5 | 54.91 | 34.45 | 89.36 | OK | |
r-patched-solaris-x86 | 0.0.5 | 119.40 | OK | |||
r-release-linux-x86_64 | 0.0.5 | 52.71 | 35.36 | 88.07 | OK | |
r-release-windows-ix86+x86_64 | 0.0.5 | 97.00 | 106.00 | 203.00 | OK | |
r-release-osx-x86_64 | 0.0.5 | NOTE | ||||
r-oldrel-windows-ix86+x86_64 | 0.0.5 | 98.00 | 92.00 | 190.00 | OK | |
r-oldrel-osx-x86_64 | 0.0.5 | NOTE |
Version: 0.0.5
Check: installed package size
Result: NOTE
installed size is 9.4Mb
sub-directories of 1Mb or more:
libs 9.2Mb
Flavors: r-devel-linux-x86_64-fedora-clang, r-release-osx-x86_64, r-oldrel-osx-x86_64