CRAN Package Check Results for Package dplR

Last updated on 2019-06-18 01:48:33 CEST.

Flavor Version Tinstall Tcheck Ttotal Status Flags
r-devel-linux-x86_64-debian-clang 1.6.9 25.87 247.76 273.63 OK
r-devel-linux-x86_64-debian-gcc 1.6.9 20.64 192.45 213.09 OK
r-devel-linux-x86_64-fedora-clang 1.6.9 323.02 OK
r-devel-linux-x86_64-fedora-gcc 1.6.9 314.65 OK
r-devel-windows-ix86+x86_64 1.6.9 61.00 492.00 553.00 OK
r-patched-linux-x86_64 1.6.9 24.62 246.46 271.08 OK
r-patched-solaris-x86 1.6.9 469.30 WARN
r-release-linux-x86_64 1.6.9 25.70 246.44 272.14 OK
r-release-windows-ix86+x86_64 1.6.9 45.00 482.00 527.00 OK
r-release-osx-x86_64 1.6.9 NOTE
r-oldrel-windows-ix86+x86_64 1.6.9 32.00 457.00 489.00 OK
r-oldrel-osx-x86_64 1.6.9 OK

Check Details

Version: 1.6.9
Check: for unstated dependencies in ‘tests’
Result: WARN
    Warning in deparse(e[[2L]]) :
     it is not known that wchar_t is Unicode on this platform
    Warning in deparse(e[[2L]]) :
     it is not known that wchar_t is Unicode on this platform
    Warning in deparse(e[[2L]]) :
     it is not known that wchar_t is Unicode on this platform
    Warning in deparse(e[[2L]]) :
     it is not known that wchar_t is Unicode on this platform
    Warning in deparse(e[[2L]]) :
     it is not known that wchar_t is Unicode on this platform
    Warning in deparse(e[[2L]]) :
     it is not known that wchar_t is Unicode on this platform
    Warning in deparse(e[[2L]]) :
     it is not known that wchar_t is Unicode on this platform
    Warning in deparse(e[[2L]]) :
     it is not known that wchar_t is Unicode on this platform
    Warning in deparse(e[[2L]]) :
     it is not known that wchar_t is Unicode on this platform
    Warning in deparse(e[[2L]]) :
     it is not known that wchar_t is Unicode on this platform
    Warning in deparse(e[[2L]]) :
     it is not known that wchar_t is Unicode on this platform
    Warning in deparse(e[[2L]]) :
     it is not known that wchar_t is Unicode on this platform
    Warning in deparse(e[[2L]]) :
     it is not known that wchar_t is Unicode on this platform
    Warning in deparse(e[[2L]]) :
     it is not known that wchar_t is Unicode on this platform
    Warning in deparse(e[[2L]]) :
     it is not known that wchar_t is Unicode on this platform
    Warning in deparse(e[[2L]]) :
     it is not known that wchar_t is Unicode on this platform
    Warning in deparse(e[[2L]]) :
     it is not known that wchar_t is Unicode on this platform
    Warning in deparse(e[[2L]]) :
     it is not known that wchar_t is Unicode on this platform
    Warning in deparse(e[[2L]]) :
     it is not known that wchar_t is Unicode on this platform
    Warning in deparse(e[[2L]]) :
     it is not known that wchar_t is Unicode on this platform
    Warning in deparse(e[[2L]]) :
     it is not known that wchar_t is Unicode on this platform
    Warning in deparse(e[[2L]]) :
     it is not known that wchar_t is Unicode on this platform
Flavor: r-patched-solaris-x86

Version: 1.6.9
Check: package dependencies
Result: NOTE
    Package suggested but not available for checking: ‘Biobase’
Flavor: r-release-osx-x86_64