CRAN Package Check Results for Package dvmisc

Last updated on 2019-06-18 01:48:34 CEST.

Flavor Version Tinstall Tcheck Ttotal Status Flags
r-devel-linux-x86_64-debian-clang 1.1.3 103.30 117.24 220.54 OK
r-devel-linux-x86_64-debian-gcc 1.1.3 73.14 90.75 163.89 OK
r-devel-linux-x86_64-fedora-clang 1.1.3 312.17 NOTE
r-devel-linux-x86_64-fedora-gcc 1.1.3 264.39 NOTE
r-devel-windows-ix86+x86_64 1.1.3 263.00 260.00 523.00 OK
r-patched-linux-x86_64 1.1.3 86.59 113.03 199.62 OK
r-patched-solaris-x86 1.1.3 317.90 NOTE
r-release-linux-x86_64 1.1.3 92.61 112.21 204.82 OK
r-release-windows-ix86+x86_64 1.1.3 201.00 249.00 450.00 OK
r-release-osx-x86_64 1.1.3 NOTE
r-oldrel-windows-ix86+x86_64 1.1.3 169.00 213.00 382.00 OK
r-oldrel-osx-x86_64 1.1.3 NOTE

Check Details

Version: 1.1.3
Check: dependencies in R code
Result: NOTE
    Namespace in Imports field not imported from: ‘purrr’
     All declared Imports should be used.
Flavors: r-devel-linux-x86_64-fedora-clang, r-devel-linux-x86_64-fedora-gcc, r-patched-solaris-x86, r-release-osx-x86_64, r-oldrel-osx-x86_64