Last updated on 2019-06-18 01:48:34 CEST.
Flavor | Version | Tinstall | Tcheck | Ttotal | Status | Flags |
---|---|---|---|---|---|---|
r-devel-linux-x86_64-debian-clang | 1.2.1 | 15.60 | 98.55 | 114.15 | OK | |
r-devel-linux-x86_64-debian-gcc | 1.2.1 | 15.01 | 79.09 | 94.10 | OK | |
r-devel-linux-x86_64-fedora-clang | 1.2.1 | 136.83 | NOTE | |||
r-devel-linux-x86_64-fedora-gcc | 1.2.1 | 133.57 | NOTE | |||
r-devel-windows-ix86+x86_64 | 1.2.1 | 34.00 | 108.00 | 142.00 | OK | |
r-patched-linux-x86_64 | 1.2.1 | 16.08 | 97.29 | 113.37 | OK | |
r-patched-solaris-x86 | 1.2.1 | 219.40 | NOTE | |||
r-release-linux-x86_64 | 1.2.1 | 15.10 | 97.35 | 112.45 | OK | |
r-release-windows-ix86+x86_64 | 1.2.1 | 25.00 | 148.00 | 173.00 | OK | |
r-release-osx-x86_64 | 1.2.1 | NOTE | ||||
r-oldrel-windows-ix86+x86_64 | 1.2.1 | 18.00 | 159.00 | 177.00 | OK | |
r-oldrel-osx-x86_64 | 1.2.1 | NOTE |
Version: 1.2.1
Check: dependencies in R code
Result: NOTE
Namespaces in Imports field not imported from:
‘maptools’ ‘tools’
All declared Imports should be used.
Flavors: r-devel-linux-x86_64-fedora-clang, r-devel-linux-x86_64-fedora-gcc, r-patched-solaris-x86, r-release-osx-x86_64, r-oldrel-osx-x86_64