CRAN Package Check Results for Package ecoengine

Last updated on 2019-06-18 01:48:34 CEST.

Flavor Version Tinstall Tcheck Ttotal Status Flags
r-devel-linux-x86_64-debian-clang 1.11.0 5.12 38.91 44.03 OK
r-devel-linux-x86_64-debian-gcc 1.11.0 4.55 31.29 35.84 OK
r-devel-linux-x86_64-fedora-clang 1.11.0 52.16 NOTE
r-devel-linux-x86_64-fedora-gcc 1.11.0 49.27 NOTE
r-devel-windows-ix86+x86_64 1.11.0 19.00 86.00 105.00 OK
r-patched-linux-x86_64 1.11.0 4.79 38.30 43.09 OK
r-patched-solaris-x86 1.11.0 88.90 NOTE
r-release-linux-x86_64 1.11.0 5.20 38.32 43.52 OK
r-release-windows-ix86+x86_64 1.11.0 12.00 79.00 91.00 OK
r-release-osx-x86_64 1.11.0 NOTE
r-oldrel-windows-ix86+x86_64 1.11.0 6.00 109.00 115.00 OK
r-oldrel-osx-x86_64 1.11.0 NOTE

Check Details

Version: 1.11.0
Check: dependencies in R code
Result: NOTE
    Namespace in Imports field not imported from: ‘magrittr’
     All declared Imports should be used.
Flavors: r-devel-linux-x86_64-fedora-clang, r-devel-linux-x86_64-fedora-gcc, r-patched-solaris-x86, r-release-osx-x86_64, r-oldrel-osx-x86_64