Last updated on 2019-06-18 01:48:34 CEST.
Flavor | Version | Tinstall | Tcheck | Ttotal | Status | Flags |
---|---|---|---|---|---|---|
r-devel-linux-x86_64-debian-clang | 1.2.4 | 15.61 | 62.95 | 78.56 | OK | |
r-devel-linux-x86_64-debian-gcc | 1.2.4 | 11.87 | 48.70 | 60.57 | OK | |
r-devel-linux-x86_64-fedora-clang | 1.2.4 | 88.14 | NOTE | |||
r-devel-linux-x86_64-fedora-gcc | 1.2.4 | 86.30 | NOTE | |||
r-devel-windows-ix86+x86_64 | 1.2.4 | 18.00 | 70.00 | 88.00 | OK | |
r-patched-linux-x86_64 | 1.2.4 | 11.85 | 63.01 | 74.86 | OK | |
r-patched-solaris-x86 | 1.2.4 | 112.50 | NOTE | |||
r-release-linux-x86_64 | 1.2.4 | 10.63 | 63.10 | 73.73 | OK | |
r-release-windows-ix86+x86_64 | 1.2.4 | 15.00 | 90.00 | 105.00 | OK | |
r-release-osx-x86_64 | 1.2.4 | NOTE | ||||
r-oldrel-windows-ix86+x86_64 | 1.2.4 | 16.00 | 63.00 | 79.00 | OK | |
r-oldrel-osx-x86_64 | 1.2.4 | NOTE |
Version: 1.2.4
Check: data for non-ASCII characters
Result: NOTE
Note: found 8 marked UTF-8 strings
Flavors: r-devel-linux-x86_64-fedora-clang, r-devel-linux-x86_64-fedora-gcc, r-patched-solaris-x86, r-release-osx-x86_64, r-oldrel-osx-x86_64