Last updated on 2019-06-18 01:48:34 CEST.
Flavor | Version | Tinstall | Tcheck | Ttotal | Status | Flags |
---|---|---|---|---|---|---|
r-devel-linux-x86_64-debian-clang | 2.1-2 | 671.37 | 96.87 | 768.24 | NOTE | |
r-devel-linux-x86_64-debian-gcc | 2.1-2 | 634.96 | 105.52 | 740.48 | NOTE | |
r-devel-linux-x86_64-fedora-clang | 2.1-2 | 1086.66 | NOTE | |||
r-devel-linux-x86_64-fedora-gcc | 2.1-2 | 1165.31 | NOTE | |||
r-devel-windows-ix86+x86_64 | 2.1-2 | 1697.00 | 269.00 | 1966.00 | NOTE | |
r-patched-linux-x86_64 | 2.1-2 | 741.85 | 130.27 | 872.12 | NOTE | |
r-patched-solaris-x86 | 2.1-2 | 1021.40 | NOTE | |||
r-release-linux-x86_64 | 2.1-2 | 729.32 | 129.74 | 859.06 | NOTE | |
r-release-windows-ix86+x86_64 | 2.1-2 | 1350.00 | 242.00 | 1592.00 | NOTE | |
r-release-osx-x86_64 | 2.1-2 | NOTE | ||||
r-oldrel-windows-ix86+x86_64 | 2.1-2 | 1243.00 | 246.00 | 1489.00 | NOTE | |
r-oldrel-osx-x86_64 | 2.1-2 | NOTE |
Version: 2.1-2
Check: package dependencies
Result: NOTE
Package suggested but not available for checking: 'eggCountsExtra'
Flavors: r-devel-linux-x86_64-debian-clang, r-devel-linux-x86_64-debian-gcc, r-devel-linux-x86_64-fedora-clang, r-devel-linux-x86_64-fedora-gcc, r-devel-windows-ix86+x86_64, r-patched-linux-x86_64, r-patched-solaris-x86, r-release-linux-x86_64, r-release-windows-ix86+x86_64, r-release-osx-x86_64, r-oldrel-windows-ix86+x86_64, r-oldrel-osx-x86_64
Version: 2.1-2
Check: for GNU extensions in Makefiles
Result: NOTE
GNU make is a SystemRequirements.
Flavors: r-devel-linux-x86_64-debian-clang, r-devel-linux-x86_64-debian-gcc, r-devel-linux-x86_64-fedora-clang, r-devel-linux-x86_64-fedora-gcc, r-devel-windows-ix86+x86_64, r-patched-linux-x86_64, r-patched-solaris-x86, r-release-linux-x86_64, r-release-windows-ix86+x86_64, r-release-osx-x86_64, r-oldrel-windows-ix86+x86_64, r-oldrel-osx-x86_64
Version: 2.1-2
Check: installed package size
Result: NOTE
installed size is 95.4Mb
sub-directories of 1Mb or more:
libs 94.7Mb
Flavors: r-devel-linux-x86_64-fedora-clang, r-devel-windows-ix86+x86_64, r-patched-solaris-x86, r-release-windows-ix86+x86_64, r-release-osx-x86_64, r-oldrel-windows-ix86+x86_64, r-oldrel-osx-x86_64