CRAN Package Check Results for Package enviGCMS

Last updated on 2019-06-18 01:48:34 CEST.

Flavor Version Tinstall Tcheck Ttotal Status Flags
r-devel-linux-x86_64-debian-clang 0.5.5 4.95 66.38 71.33 NOTE
r-devel-linux-x86_64-debian-gcc 0.5.5 4.04 54.10 58.14 NOTE
r-devel-linux-x86_64-fedora-clang 0.5.5 79.62 NOTE
r-devel-linux-x86_64-fedora-gcc 0.5.5 76.76 NOTE
r-devel-windows-ix86+x86_64 0.5.5 14.00 181.00 195.00 OK
r-patched-linux-x86_64 0.5.5 5.53 66.37 71.90 OK
r-release-linux-x86_64 0.5.5 5.37 65.97 71.34 OK
r-release-windows-ix86+x86_64 0.5.5 9.00 172.00 181.00 OK
r-release-osx-x86_64 0.5.5 ERROR
r-oldrel-windows-ix86+x86_64 0.5.5 8.00 153.00 161.00 OK
r-oldrel-osx-x86_64 0.5.5 NOTE

Check Details

Version: 0.5.5
Check: for non-standard things in the check directory
Result: NOTE
    Found the following files/directories:
     'MSP' 'demomzrt.csv' 'test.gif'
Flavors: r-devel-linux-x86_64-debian-clang, r-devel-linux-x86_64-debian-gcc, r-devel-linux-x86_64-fedora-clang, r-devel-linux-x86_64-fedora-gcc

Version: 0.5.5
Check: package dependencies
Result: NOTE
    Packages suggested but not available for checking: 'xcms', 'MSnbase'
Flavors: r-devel-linux-x86_64-fedora-clang, r-devel-linux-x86_64-fedora-gcc

Version: 0.5.5
Check: dependencies in R code
Result: NOTE
    Namespaces in Imports field not imported from:
     ‘DT’ ‘broom’ ‘crosstalk’ ‘dplyr’ ‘ggraph’ ‘igraph’ ‘plotly’
     ‘rmarkdown’ ‘shinythemes’
     All declared Imports should be used.
Flavors: r-devel-linux-x86_64-fedora-clang, r-devel-linux-x86_64-fedora-gcc, r-oldrel-osx-x86_64

Version: 0.5.5
Check: package dependencies
Result: ERROR
    Packages required but not available: 'BiocParallel', 'genefilter'
    
    Packages suggested but not available for checking: 'xcms', 'MSnbase'
    
    See section ‘The DESCRIPTION file’ in the ‘Writing R Extensions’
    manual.
Flavor: r-release-osx-x86_64

Version: 0.5.5
Check: package dependencies
Result: NOTE
    Packages suggested but not available for checking: ‘xcms’ ‘MSnbase’
Flavor: r-oldrel-osx-x86_64