Last updated on 2019-06-18 01:48:34 CEST.
Flavor | Version | Tinstall | Tcheck | Ttotal | Status | Flags |
---|---|---|---|---|---|---|
r-devel-linux-x86_64-debian-clang | 0.10.2 | 24.42 | 347.55 | 371.97 | NOTE | |
r-devel-linux-x86_64-debian-gcc | 0.10.2 | 20.92 | 492.73 | 513.65 | NOTE | |
r-devel-linux-x86_64-fedora-clang | 0.10.2 | 314.11 | NOTE | |||
r-devel-linux-x86_64-fedora-gcc | 0.10.2 | 354.78 | NOTE | |||
r-devel-windows-ix86+x86_64 | 0.10.2 | 47.00 | 265.00 | 312.00 | OK | |
r-patched-linux-x86_64 | 0.10.2 | 19.31 | 432.23 | 451.54 | OK | |
r-patched-solaris-x86 | 0.10.2 | 296.50 | OK | |||
r-release-linux-x86_64 | 0.10.2 | 21.72 | 411.56 | 433.28 | OK | |
r-release-windows-ix86+x86_64 | 0.10.2 | 33.00 | 258.00 | 291.00 | OK | |
r-release-osx-x86_64 | 0.10.2 | OK | ||||
r-oldrel-windows-ix86+x86_64 | 0.10.2 | 22.00 | 259.00 | 281.00 | OK | |
r-oldrel-osx-x86_64 | 0.10.2 | OK |
Version: 0.10.2
Check: for non-standard things in the check directory
Result: NOTE
Found the following files/directories:
'USA_CA_Los.Angeles.Intl.AP.722950_TMY3.epw'
Flavors: r-devel-linux-x86_64-debian-clang, r-devel-linux-x86_64-debian-gcc, r-devel-linux-x86_64-fedora-clang, r-devel-linux-x86_64-fedora-gcc