Last updated on 2019-06-18 01:48:35 CEST.
Flavor | Version | Tinstall | Tcheck | Ttotal | Status | Flags |
---|---|---|---|---|---|---|
r-devel-linux-x86_64-debian-clang | 1.4.0 | 7.61 | 50.11 | 57.72 | OK | |
r-devel-linux-x86_64-debian-gcc | 1.4.0 | 6.37 | 41.25 | 47.62 | OK | |
r-devel-linux-x86_64-fedora-clang | 1.4.0 | 71.79 | NOTE | |||
r-devel-linux-x86_64-fedora-gcc | 1.4.0 | 69.59 | NOTE | |||
r-devel-windows-ix86+x86_64 | 1.4.0 | 35.00 | 89.00 | 124.00 | OK | |
r-patched-linux-x86_64 | 1.4.0 | 7.13 | 50.99 | 58.12 | OK | |
r-patched-solaris-x86 | 1.4.0 | 106.30 | OK | |||
r-release-linux-x86_64 | 1.4.0 | 8.67 | 50.62 | 59.29 | OK | |
r-release-windows-ix86+x86_64 | 1.4.0 | 20.00 | 123.00 | 143.00 | OK | |
r-release-osx-x86_64 | 1.4.0 | WARN | ||||
r-oldrel-windows-ix86+x86_64 | 1.4.0 | 14.00 | 126.00 | 140.00 | OK | |
r-oldrel-osx-x86_64 | 1.4.0 | OK |
Version: 1.4.0
Check: compiled code
Result: NOTE
File ‘etasFLP/libs/etasFLP.so’:
Found no calls to: ‘R_registerRoutines’, ‘R_useDynamicSymbols’
It is good practice to register native routines and to disable symbol
search.
See ‘Writing portable packages’ in the ‘Writing R Extensions’ manual.
Flavors: r-devel-linux-x86_64-fedora-clang, r-devel-linux-x86_64-fedora-gcc
Version: 1.4.0
Check: whether package can be installed
Result: WARN
Found the following significant warnings:
Warning: 'rgl_init' failed, running with rgl.useNULL = TRUE
Flavor: r-release-osx-x86_64