Last updated on 2019-06-18 01:48:35 CEST.
Flavor | Version | Tinstall | Tcheck | Ttotal | Status | Flags |
---|---|---|---|---|---|---|
r-devel-linux-x86_64-debian-clang | 0.3.7 | 5.73 | 68.31 | 74.04 | NOTE | |
r-devel-linux-x86_64-debian-gcc | 0.3.7 | 4.96 | 52.74 | 57.70 | NOTE | |
r-devel-linux-x86_64-fedora-clang | 0.3.7 | 86.83 | NOTE | |||
r-devel-linux-x86_64-fedora-gcc | 0.3.7 | 82.70 | NOTE | |||
r-devel-windows-ix86+x86_64 | 0.3.7 | 20.00 | 111.00 | 131.00 | OK | |
r-patched-linux-x86_64 | 0.3.7 | 6.27 | 64.80 | 71.07 | NOTE | |
r-patched-solaris-x86 | 0.3.7 | 116.80 | NOTE | |||
r-release-linux-x86_64 | 0.3.7 | 6.14 | 65.24 | 71.38 | NOTE | |
r-release-windows-ix86+x86_64 | 0.3.7 | 12.00 | 110.00 | 122.00 | OK | |
r-release-osx-x86_64 | 0.3.7 | OK | ||||
r-oldrel-windows-ix86+x86_64 | 0.3.7 | 7.00 | 113.00 | 120.00 | OK | |
r-oldrel-osx-x86_64 | 0.3.7 | OK |
Version: 0.3.7
Check: package dependencies
Result: NOTE
Package suggested but not available for checking: 'MonetDBLite'
Flavors: r-devel-linux-x86_64-debian-clang, r-devel-linux-x86_64-debian-gcc, r-devel-linux-x86_64-fedora-clang, r-devel-linux-x86_64-fedora-gcc, r-patched-linux-x86_64, r-patched-solaris-x86, r-release-linux-x86_64