Last updated on 2019-06-18 01:48:35 CEST.
Flavor | Version | Tinstall | Tcheck | Ttotal | Status | Flags |
---|---|---|---|---|---|---|
r-devel-linux-x86_64-debian-clang | 2.4.8 | 26.51 | 181.94 | 208.45 | NOTE | |
r-devel-linux-x86_64-debian-gcc | 2.4.8 | 21.06 | 140.05 | 161.11 | NOTE | |
r-devel-linux-x86_64-fedora-clang | 2.4.8 | 245.07 | NOTE | |||
r-devel-linux-x86_64-fedora-gcc | 2.4.8 | 238.80 | NOTE | |||
r-devel-windows-ix86+x86_64 | 2.4.8 | 54.00 | 208.00 | 262.00 | OK | |
r-patched-linux-x86_64 | 2.4.8 | 28.67 | 182.20 | 210.87 | OK | |
r-patched-solaris-x86 | 2.4.8 | 329.10 | OK | |||
r-release-linux-x86_64 | 2.4.8 | 25.42 | 182.99 | 208.41 | OK | |
r-release-windows-ix86+x86_64 | 2.4.8 | 35.00 | 263.00 | 298.00 | OK | |
r-release-osx-x86_64 | 2.4.8 | OK | ||||
r-oldrel-windows-ix86+x86_64 | 2.4.8 | 30.00 | 254.00 | 284.00 | OK | |
r-oldrel-osx-x86_64 | 2.4.8 | OK |
Version: 2.4.8
Check: for non-standard things in the check directory
Result: NOTE
Found the following files/directories:
'fdaMatlabPath.m'
Flavors: r-devel-linux-x86_64-debian-clang, r-devel-linux-x86_64-debian-gcc, r-devel-linux-x86_64-fedora-clang, r-devel-linux-x86_64-fedora-gcc