CRAN Package Check Results for Package fedregs

Last updated on 2019-06-18 01:48:35 CEST.

Flavor Version Tinstall Tcheck Ttotal Status Flags
r-devel-linux-x86_64-debian-clang 0.1.1 1.75 57.91 59.66 OK
r-devel-linux-x86_64-debian-gcc 0.1.1 1.60 52.05 53.65 OK
r-devel-linux-x86_64-fedora-clang 0.1.1 70.17 NOTE
r-devel-linux-x86_64-fedora-gcc 0.1.1 69.90 NOTE
r-devel-windows-ix86+x86_64 0.1.1 8.00 309.00 317.00 OK
r-patched-linux-x86_64 0.1.1 1.98 59.49 61.47 OK
r-patched-solaris-x86 0.1.1 145.40 NOTE
r-release-linux-x86_64 0.1.1 1.93 59.49 61.42 OK
r-release-windows-ix86+x86_64 0.1.1 5.00 302.00 307.00 OK
r-release-osx-x86_64 0.1.1 NOTE
r-oldrel-windows-ix86+x86_64 0.1.1 3.00 318.00 321.00 OK
r-oldrel-osx-x86_64 0.1.1 NOTE

Check Details

Version: 0.1.1
Check: dependencies in R code
Result: NOTE
    Namespaces in Imports field not imported from:
     ‘rvest’ ‘stringi’
     All declared Imports should be used.
Flavors: r-devel-linux-x86_64-fedora-clang, r-devel-linux-x86_64-fedora-gcc, r-patched-solaris-x86, r-release-osx-x86_64, r-oldrel-osx-x86_64