Last updated on 2019-06-18 01:48:35 CEST.
Flavor | Version | Tinstall | Tcheck | Ttotal | Status | Flags |
---|---|---|---|---|---|---|
r-devel-linux-x86_64-debian-clang | 0.1.6 | 106.52 | 60.26 | 166.78 | OK | |
r-devel-linux-x86_64-debian-gcc | 0.1.6 | 81.66 | 47.92 | 129.58 | OK | |
r-devel-linux-x86_64-fedora-clang | 0.1.6 | 244.04 | NOTE | |||
r-devel-linux-x86_64-fedora-gcc | 0.1.6 | 213.48 | OK | |||
r-devel-windows-ix86+x86_64 | 0.1.6 | 250.00 | 141.00 | 391.00 | OK | |
r-patched-linux-x86_64 | 0.1.6 | 97.87 | 59.60 | 157.47 | OK | |
r-patched-solaris-x86 | 0.1.6 | 228.90 | OK | |||
r-release-linux-x86_64 | 0.1.6 | 97.76 | 60.00 | 157.76 | OK | |
r-release-windows-ix86+x86_64 | 0.1.6 | 198.00 | 143.00 | 341.00 | OK | |
r-release-osx-x86_64 | 0.1.6 | NOTE | ||||
r-oldrel-windows-ix86+x86_64 | 0.1.6 | 184.00 | 130.00 | 314.00 | OK | |
r-oldrel-osx-x86_64 | 0.1.6 | NOTE |
Version: 0.1.6
Check: installed package size
Result: NOTE
installed size is 9.3Mb
sub-directories of 1Mb or more:
libs 8.9Mb
Flavors: r-devel-linux-x86_64-fedora-clang, r-release-osx-x86_64, r-oldrel-osx-x86_64